t is 1100100110100 - 101?
1100100101111
In base 14, what is 1325 - 19?
130a
In base 3, what is 1122022 - -20221?
1220020
In base 6, what is -42 - -500412?
500330
In base 10, what is 2947 - 119?
2828
In base 9, what is 3 + -826546?
-826543
In base 11, what is 148a8 + -5?
148a3
In base 4, what is -2 - 222130022?
-222130030
In base 2, what is 10001111101010011 - -100?
10001111101010111
In base 9, what is 13262 - -67?
13340
In base 9, what is 72 - 4712?
-4630
In base 9, what is 581 - 3717?
-3126
In base 15, what is 5c8 + 1a?
5e3
In base 15, what is -264 - -125?
-13e
In base 15, what is -87ae1 + 1?
-87ae0
In base 12, what is 56bbb5 - 0?
56bbb5
In base 7, what is 15 - 20442?
-20424
In base 6, what is 2 + -5411122?
-5411120
In base 16, what is -5 + d1da?
d1d5
In base 15, what is -819e - 4?
-81a3
In base 14, what is -33d - -129b?
d5c
In base 9, what is 3 + -16557?
-16554
In base 7, what is -1206 + -13?
-1222
In base 5, what is -1 + -11101234?
-11101240
In base 4, what is -33112 - -220?
-32232
In base 2, what is 110001100010011111111 - -1?
110001100010100000000
In base 4, what is 30 + 2000213?
2000303
In base 13, what is -1 - -19c52?
19c51
In base 10, what is -198170 - -3?
-198167
In base 4, what is 1032 - -11211?
12303
In base 2, what is -110 - -110100000000000?
110011111111010
In base 13, what is -1076 - 3a?
-10b3
In base 9, what is -4 + -48180?
-48184
In base 13, what is 1353 + 1?
1354
In base 16, what is -48 + -3dc0?
-3e08
In base 12, what is 484 - -3?
487
In base 8, what is -10 - 1573?
-1603
In base 16, what is 1027 - 16?
1011
In base 12, what is -120 + 5a6?
486
In base 13, what is -474 - c64?
-1408
In base 4, what is 100211223 + -11?
100211212
In base 2, what is 110 + -10100000011011?
-10100000010101
In base 3, what is -111002102 - -1021?
-111001011
In base 4, what is -32003122 - 32?
-32003220
In base 9, what is 2857183 + -5?
2857177
In base 5, what is -13212112213 - 10?
-13212112223
In base 2, what is 111 + 100010110001011?
100010110010010
In base 10, what is -1 + -14217?
-14218
In base 10, what is 44 + 4511?
4555
In base 5, what is -114 + -1424121?
-1424240
In base 2, what is 11000100100 - -10001?
11000110101
In base 11, what is -104 + 2310?
2207
In base 15, what is e - cce?
-cc0
In base 2, what is -101111111100110 + -110?
-101111111101100
In base 8, what is 1327 + 272?
1621
In base 3, what is -100201 - 2020201?
-2121102
In base 7, what is -10643065 + -4?
-10643102
In base 9, what is 164 - 4778?
-4614
In base 4, what is 21222003 - 0?
21222003
In base 6, what is 3 - -112153?
112200
In base 13, what is -22a0b - -4?
-22a07
In base 7, what is -1 + -5433636?
-5433640
In base 16, what is -5c5 + -8?
-5cd
In base 14, what is 5 - 5453?
-544c
In base 15, what is 5 + 8462?
8467
In base 7, what is 6 - 2644344?
-2644335
In base 6, what is -20054 + 1454?
-14200
In base 7, what is 54464 + -5?
54456
In base 14, what is 5 + bc207?
bc20c
In base 3, what is 0 + -102221122000?
-102221122000
In base 6, what is -224 + -10015?
-10243
In base 4, what is 201 - 13320312?
-13320111
In base 8, what is 6 + -5472064?
-5472056
In base 11, what is -85 + 2587?
2502
In base 14, what is 222 - b?
215
In base 8, what is -45117 + 0?
-45117
In base 16, what is 2 + 152911?
152913
In base 13, what is 43 + 4331?
4374
In base 12, what is -14 + 310b?
30b7
In base 5, what is -140 - -3201401?
3201211
In base 14, what is 68368 - -5?
6836d
In base 4, what is 30 + 203123?
203213
In base 13, what is 59813 + -5?
5980b
In base 10, what is 6 + 257945?
257951
In base 4, what is 10111 - 21?
10030
In base 8, what is -4 - 36057?
-36063
In base 11, what is -854 - 19?
-872
In base 16, what is 690 - -76f?
dff
In base 2, what is -1 - 111011010001100111?
-111011010001101000
In base 10, what is -43504 - 0?
-43504
In base 8, what is 16 + 65133?
65151
In base 5, what is -24023 + 230?
-23243
In base 12, what is -3 - 13249?
-13250
In base 3, what is 1120222121 + 11101?
1121010222
In base 6, what is 3003222 + 3?
3003225
In base 2, what is -111 + 110110100100?
110110011101
In base 13, what is -86 - -9ac?
926
In base 5, what is -11300033 - 10?
-11300043
In base 6, what is 123225 + 4?
123233
In base 8, what is -54 + -1314?
-1370
In base 14, what is 269 + -17?
252
In base 16, what is 38b58 - 1e?
38b3a
In base 15, what is 61 - ac72?
-ac11
In base 15, what is 54 - 1ac2?
-1a6d
In base 2, what is 10101100 - -1101001010?
1111110110
In base 9, what is -3 - -203488?
203485
In base 2, what is -10101011111001 - 11100?
-10101100010101
In base 2, what is 1111111111 + -1001010101?
110101010
In base 7, what is 5 - -60523?
60531
In base 9, what is 1118 - -30?
1148
In base 2, what is -1110101 - 101010011001?
-101100001110
In base 13, what is 5 + -b1b3?
-b1ab
In base 15, what is 19 - -628?
642
In base 5, what is -1 + 2031210?
2031204
In base 2, what is -1010000000011001 + 101?
-1010000000010100
In base 5, what is 1430130 + -320?
1424310
In base 16, what is -279ccf - -4?
-279ccb
In base 11, what is 429 - -52?
480
In base 6, what is 213 - -4152?
4405
In base 7, what is -3116 + 4002?
553
In base 5, what is -1130 - 120242?
-121422
In base 2, what is -1100101100100 - 11101?
-1100110000001
In base 16, what is -3 + 9d37?
9d34
In base 12, what is -56a79 - 8?
-56a85
In base 13, what is 1 + 47b3?
47b4
In base 11, what is 82623 - -4?
82627
In base 14, what is 15ab1 + 17?
15ac8
In base 6, what is 4 + 154324?
154332
In base 9, what is -43 + 305?
252
In base 5, what is 101222 - 12?
101210
In base 7, what is -6 + 330?
321
In base 2, what is -100 + 1001010011001011101?
1001010011001011001
In base 14, what is 76d5d + a?
76d69
In base 3, what is -1 + 12120001202?
12120001201
In base 5, what is 434 + 10431?
11420
In base 13, what is -1aa - 8?
-1b5
In base 4, what is 221233111 + -10?
221233101
In base 16, what is 5 - -8b511?
8b516
In base 7, what is -13 + -1450416?
-1450432
In base 4, what is -112110002 - -30?
-112103312
In base 8, what is -466251 - 1?
-466252
In base 6, what is 23443 - -554?
24441
In base 7, what is -1 - 2251423?
-2251424
In base 5, what is 223 - 10243?
-10020
In base 14, what is 38 + -160?
-126
In base 3, what is -1220010 - 122?
-1220202
In base 16, what is -128 + 12?
-116
In base 8, what is -66325 - 61?
-66406
In base 8, what is -1373664 - -2?
-1373662
In base 10, what is 44456 + 6?
44462
In base 7, what is 2631016 - 5?
2631011
In base 11, what is 16a3 + -12?
1691
In base 5, what is 1 + -1310431?
-1310430
In base 8, what is -1627100 + 2?
-1627076
In base 16, what is -ab1e - 2b?
-ab49
In base 7, what is 263 - 14055?
-13462
In base 15, what is 27d490 + 5?
27d495
In base 14, what is 1a + -48a7?
-488b
In base 12, what is 6bb + -344?
377
In base 10, what is 41 - -5036?
5077
In base 3, what is 102100 - -10?
102110
In base 6, what is 150220 - 15?
150201
In base 15, what is -36d7 - 3?
-36da
In base 13, what is b122 + -10?
b112
In base 10, what is 7799 + 113?
7912
In base 8, what is 6036 + 135?
6173
In base 13, what is -4b + -634?
-682
In base 7, what is 12154053 - 5?
12154045
In base 5, what is 34140 - 1410?
32230
In base 12, what is -1 - 2a733?
-2a734
In base 14, what is -60 - -7bc4?
7b64
In base 3, what is -10 - 122021220?
-122022000
In base 7, what is 42320164 + -1?
42320163
In base 12, what is -10 - 2434?
-2444
In base 11, what is 32 + -12aa2?
-12a70
In base 15, what is 6a + 99d?
a18
In base 16, what is -9d0 + -7?
-9d7
In base 3, what is -2 - 120001222010?
-120001222012
In base 13, what is -2 - -6728a?
67288
In base 13, what is 10 - 13049?
-13039
In base 16, what is -1 + -a10a8?
-a10a9
In base 12, what is 2281 - 6?
2277
In base 8, what is -2 + 575?
573
In base 6, what is -542 - -13?
-525
In base 10, what is -531 + -1542?
-2073
In base 8, what is -70437 + 64?
-70353
In base 6, what is -5 + -22111?
-22120
In base 15, what is 4 + -3d999?
-3d995
In base 16, what is -2 - -1a9d6?
1a9d4
In base 11, what is 463 + 50?
503
In base 15, what is -47e4 + -3?
-47e7
In base 3, what is 12 - -21211?
22000
In base 13, what is 4 + -2069?
-2065
In base 16, what is 51c - -34?
550
In base 4, what is 1 - -33110112?
33110113
In base 2, what is 10001 - 1010101110011?
-1010101100010
In base 9, what is -3708 - 244?
-4053
In base 3, what is -200122120021 - -2?
-200122120012
In base 15, what is -e1 - -67?
-79
In base 14, what is 312 - -527?
839
In base 10, wh